9. Determine c(6).
125
Let q(c) = -c**3 - 81*c**2 + 815*c + 451. Give q(-90).
1
Let x(m) = 118*m**3 - 17*m**2 + 29*m - 8. What is x(1)?
122
Let o(u) = -27*u**2 + 1275*u - 4673. Calculate o(4).
-5
Let g(v) = -6*v**3 - 17*v**2 + 2184*v + 4385. Calculate g(-2).
-3
Let l(p) = p**3 + 45*p**2 - 3784*p + 59. Give l(43).
59
Let m(o) = 86*o**3 - 11*o**2 + 7*o - 2. What is m(2)?
656
Let c(d) = -6*d**2 + 605*d - 2349. Give c(4).
-25
Let q(t) = -34669*t - 34696. What is q(-1)?
-27
Let q(x) = x**3 + 59*x**2 + 708*x - 87. Determine q(-19).
901
Let g(o) = 1982*o + 127348. What is g(-64)?
500
Let u(g) = 124*g**2 - 1737*g - 44. Give u(14).
-58
Let n(b) = 2*b**2 - 183825*b - 551477. Give n(-3).
16
Let g(i) = -72*i**3 + 1012*i**2 - 54*i - 21. What is g(14)?
7
Let p(q) = 7297*q - 459733. Calculate p(63).
-22
Let i(g) = 5*g**2 - 735*g + 18177. Give i(26).
2447
Let k(d) = d**3 + 11*d**2 + 221*d - 505. Determine k(2).
-11
Let h(j) = -16566*j - 49689. Calculate h(-3).
9
Let s(l) = -83*l**2 + 41869*l + 23231. What is s(505)?
1
Let y(q) = q**2 - 64*q - 366. Determine y(-5).
-21
Let h(x) = 2*x**3 + 35*x**2 + 21*x - 36. Give h(0).
-36
Let r(d) = -11*d**3 + 41*d**2 - 29*d + 106. Calculate r(4).
-58
Let c(t) = 2*t**3 + 289*t**2 - 430*t + 1136. Calculate c(-146).
-32
Let y(c) = -c**3 + 59*c**2 + 3549*c - 99. Calculate y(-37).
12
Let z(j) = j**3 + 65*j**2 + 19*j - 225. What is z(0)?
-225
Let x(r) = 5516*r + 33051. Give x(-6).
-45
Let w(d) = 10*d**2 + 153*d + 26. Determine w(-6).
-532
Let t(q) = q**2 - 46201*q - 7417760. What is t(-160)?
0
Let s(z) = -3*z**2 - 124*z + 5433. Determine s(27).
-102
Let p(s) = 31*s**2 + 8007*s + 32013. What is p(-4)?
481
Let o(b) = -256*b + 49411. What is o(190)?
771
Let y(v) = 3*v**3 + 411*v**2 - 405*v + 349. Determine y(-138).
-893
Let n(o) = 193236*o - 386472. Give n(2).
0
Let f(y) = y**2 - 267*y + 9662. What is f(43)?
30
Let p(l) = -2*l**3 + 135*l**2 + 6769*l - 200. Calculate p(101).
2
Let i(x) = -2*x**2 - 89*x + 23325. What is i(88)?
5
Let v(n) = 6*n**3 - 1026*n**2 + 11*n - 1947. Give v(171).
-66
Let z(q) = -29*q**2 + 1350*q - 4428. What is z(43)?
1
Let t(z) = 39*z**2 - 253*z - 501. Give t(-2).
161
Let h(r) = 12*r**2 - 46*r - 27. Determine h(-4).
349
Let v(b) = 3*b**2 - 892*b + 14261. What is v(17)?
-36
Let f(h) = -194*h - 25849. Determine f(-142).
1699
Let t(p) = 48*p**3 + 260*p**2 + 54*p - 154. Calculate t(-5).
76
Let k(t) = -1460*t + 4647. Determine k(6).
-4113
Let g(z) = -z**3 - 6*z**2 + 2227*z + 19798. Calculate g(-9).
-2
Let o(j) = -451569*j + 29803557. Determine o(66).
3
Let d(j) = -j**2 + 165*j - 6366. Calculate d(110).
-316
Let w(y) = y**3 + 10*y + 343. Determine w(-9).
-476
Let v(w) = -11*w**3 - 20*w**2 + 366*w + 730. What is v(-2)?
6
Let n(z) = z**3 + 2259*z**2 + 9297*z + 624630. Determine n(-2255).
-5
Let x(g) = -3*g**2 - 74*g + 974. Calculate x(-33).
149
Let u(s) = 26*s**2 - 882*s + 232. Give u(34).
300
Let h(l) = -3695*l + 295602. Calculate h(80).
2
Let k(l) = -34605*l + 553674. What is k(16)?
-6
Let s(l) = -l**3 - 3*l**2 - 12255*l - 36781. Determine s(-3).
-16
Let a(c) = 6359*c + 12754. Calculate a(-2).
36
Let q(o) = 16*o - 7710. Calculate q(472).
-158
Let o(g) = 32*g**3 + 13472*g**2 + 366*g + 154084. Calculate o(-421).
-2
Let f(u) = -u**2 - 397*u - 10878. Give f(-367).
132
Let m(y) = -y**3 + 43*y**2 - 103*y - 895. Calculate m(40).
-215
Let w(l) = 2*l**2 - 978*l + 104614. Determine w(158).
18
Let h(l) = -18*l**2 - 1960*l + 230. What is h(-109)?
12
Let c(s) = -1303*s**2 + 3960*s - 130. Determine c(3).
23
Let y(q) = -12*q**2 + 4471*q - 258564. Calculate y(301).
-5
Let l(x) = x**3 - 36*x**2 - 121*x + 2490. Give l(36).
-1866
Let k(y) = -y**3 - 715*y**2 - 465*y + 685190. Give k(-713).
-3
Let i(f) = f**3 + 93*f**2 - 1872*f - 285. What is i(-110)?
-65
Let n(t) = -1288*t**2 - 18036*t + 89. Calculate n(-14).
145
Let v(z) = 1220*z - 5188. Determine v(3).
-1528
Let t(i) = 66*i**2 - 2738*i + 13. What is t(0)?
13
Let l(y) = -10*y - 225. What is l(-31)?
85
Let p(x) = 3*x**3 + 633*x**2 - 8*x - 327. Calculate p(-211).
1361
Let m(t) = -t**3 - 102*t**2 + 208*t - 9. Give m(-104).
-9
Let o(s) = -s**2 + 122*s + 31994. What is o(-128)?
-6
Let k(h) = 38*h**3 + 487*h**2 - 67*h + 325. Give k(-13).
13
Let m(h) = h**3 + 4*h**2 - 29*h - 312. Determine m(-13).
-1456
Let z(j) = 41*j + 2877. Calculate z(-72).
-75
Let c(i) = -i**2 + 3*i + 1170. What is c(72)?
-3798
Let r(h) = -79216*h + 7763172. Calculate r(98).
4
Let k(a) = 474*a + 1220. What is k(-3)?
-202
Let c(p) = 644*p - 54094. Determine c(84).
2
Let j(w) = 2*w**2 + 45*w - 4396. Calculate j(37).
7
Let d(g) = 1182*g - 19993. Determine d(17).
101
Let j(a) = -1854*a - 478318. What is j(-258)?
14
Let f(z) = -z**2 + 31557*z - 10. Calculate f(0).
-10
Let b(a) = 44*a**3 + 304*a**2 - 52*a - 188. What is b(-7)?
-20
Let t(d) = -5*d**3 + 10*d**2 + 18*d - 221. Determine t(7).
-1320
Let h(f) = 45*f + 2301. Determine h(-56).
-219
Let d(x) = x**3 + 12*x**2 - 165*x - 1924. Calculate d(-14).
-6
Let l(p) = 4310*p - 43139. Determine l(10).
-39
Let b(r) = r**2 + 17*r - 310. Give b(19).
374
Let m(u) = -32*u**2 - 1739*u - 692. Give m(-54).
-98
Let y(m) = -m**3 + 401*m**2 + 20*m - 7087. Determine y(401).
933
Let x(y) = 182701*y + 913462. What is x(-5)?
-43
Let k(h) = 6*h**3 - 90*h**2 + 37*h + 45. Determine k(14).
-613
Let w(s) = -2*s**2 - 969*s - 60138. Give w(-73).
-59
Let x(g) = g**3 - 13*g**2 - 23*g + 96. Calculate x(15).
201
Let z(b) = -b**3 - 6*b**2 - 35*b + 189. Calculate z(3).
3
Let g(r) = -2*r**3 - 25*r**2 + 160*r + 2163. Determine g(-11).
40
Let w(g) = -g**3 - 50*g**2 + 350*g + 8. Calculate w(7).
-335
Let h(r) = -16*r**3 + 5*r**2 + 66*r + 2. Determine h(-2).
18
Let y(z) = -24*z**3 - 45*z**2 - 42*z - 93. What is y(-2)?
3
Let j(b) = 4319*b**3 - 47495*b**2 - 151*b - 9. Give j(11).
24
Let h(t) = t**3 - 53*t**2 - 1868*t - 7898. Determine h(-5).
-8
Let l(x) = 5209*x + 2635751. What is l(-506)?
-3
Let l(u) = -u**3 + 55*u**2 + 3468*u - 190085. Give l(54).
103
Let f(a) = -9*a**2 - 15322*a - 451545. Calculate f(-30).
15
Let d(q) = -176151*q - 47208473. Give d(-268).
-5
Let n(g) = 3*g**3 + 43*g**2 - 21*g - 1092. What is n(-19)?
-5747
Let t(i) = -i**2 - 49549*i - 2524383. What is t(-51)?
15
Let x(b) = 10*b**2 + 68*b - 926. Calculate x(7).
40
Let v(l) = 430*l**2 + 184*l + 40. What is v(-3)?
3358
Let p(g) = 139*g - 7247. What is p(54)?
259
Let x(b) = b**3 - b**2 + 88*b + 343. Calculate x(-4).
-89
Let o(d) = 3*d**2 + 76*d - 618. Determine o(-34).
266
Let d(q) = 4*q**3 + 209*q**2 + 456*q + 219. Calculate d(-50).
-81
Let l(o) = 1248*o - 152220. Determine l(122).
36
Let p(r) = 23*r**2 - 11614*r - 23834. Give p(507).
-5
Let c(u) = -9*u - 347. Give c(9).
-428
Let c(u) = -u**3 - 797*u**2 + 30863*u - 176. Calculate c(37).
9
Let j(l) = -12*l**2 + 968*l + 12415. Give j(92).
-97
Let f(c) = 5*c**2 + 712*c - 17899. Calculate f(22).
185
Let v(m) = -m**3 + 32*m**2 + 597*m - 18597. Give v(32).
507
Let g(j) = 2*j**2 + 33843*j + 1047195. Calculate g(-31).
-16
Let d(u) = u**2 + 462*u + 53396. Calculate d(-236).
60
Let a(o) = o**3 + 8*o**2 - 29522*o + 147277. Calculate a(5).
-8
Let c(f) = f**3 - 54*f**2 - 48551*f - 998. Give c(249).
-2
Let q(b) = -7*b**3 - 166*b**2 - 655*b + 40. Determine q(-4).
452
Let j(t) = 7*t**2 + 620*t - 6163. Determine j(9).
-16
Let o(w) = -61*w**2 + 10127*w - 222. Give o(166).
-56
Let g(a) = -264*a + 1533. Determine g(17).
-2955
Let o(l) = 21*l**3 + 2*l**2 + 184*l - 184. What is o(1)?
23
Let f(n) = n**3 - 441*n**2 - 10191*n + 2304. What is f(463)?
-11
Let f(m) = 3*m**2 + 92*m - 910. What is f(8)?
18
Let p(u) = 2692*u - 43063. What is p(16)?
9
Let c(i) = i**3 + 289*i**2 - 2367*i + 2539. Determine c(-297).
-134
Let u(j) = -2729*j - 207410. Give u(-76).
-6
Let n(s) = 27*s + 427. Determine n(-27).
-302
Let s(l) = -13*l**3 - 51*l**2 - 41. Calculate s(-4).
-25
Let o(b) = -51665*b - 258292. Determine o(-5).
33
Let k(r) = 626*r**2 - 148*r - 43. Determine k(0).
-43
Let h(r) = -r**3 + 99*r**2 - 215*r + 703. Determine h(97).
-1334
Let s(k) = k**3 - 258*k**2 + 1628*k - 29228. Calculate s(252).
4
Let h(u) = -5865*u**2 - 113*u + 117. Calculate h(1).
-5861
Let t(f) = -f**3 + 16*f**2 + 2009*f - 22529. Determine t(11).
175
Let m(r) = -r**3 - 39*r**2 - 37*r - 70. Give m(-38).
-108
Let v(d) = 92*d**2 - 1925*d + 8245. Determine v(6).
7
Let